 of 1318140.
2, 3, 5, 2441
List the prime factors of 111383.
31, 3593
What are the prime factors of 1080051?
3, 7, 51431
What are the prime factors of 377605?
5, 75521
What are the prime factors of 206089?
13, 83, 191
List the prime factors of 874165.
5, 359, 487
List the prime factors of 9293787.
3, 1032643
List the prime factors of 29969.
23, 1303
List the prime factors of 3911176.
2, 488897
List the prime factors of 10296.
2, 3, 11, 13
List the prime factors of 243045.
3, 5, 11, 491
What are the prime factors of 46999?
43, 1093
What are the prime factors of 185334?
2, 3, 17, 23, 79
What are the prime factors of 375032?
2, 7, 37, 181
List the prime factors of 7123974.
2, 3, 11, 13, 19, 23
What are the prime factors of 1076260?
2, 5, 53813
What are the prime factors of 74414?
2, 29, 1283
List the prime factors of 2290057.
7, 11, 29741
What are the prime factors of 189645?
3, 5, 47, 269
What are the prime factors of 4409780?
2, 5, 79, 2791
What are the prime factors of 243416?
2, 30427
List the prime factors of 3812236.
2, 19, 103, 487
List the prime factors of 171493.
7, 24499
What are the prime factors of 4936491?
3, 7, 26119
List the prime factors of 296654.
2, 23, 6449
List the prime factors of 1407593.
11, 11633
List the prime factors of 3790112.
2, 83, 1427
What are the prime factors of 569334?
2, 3, 94889
What are the prime factors of 2391956?
2, 7, 85427
What are the prime factors of 397461?
3, 19, 367
List the prime factors of 5377574.
2, 2688787
List the prime factors of 5089534.
2, 2544767
What are the prime factors of 127200?
2, 3, 5, 53
List the prime factors of 20853339.
3, 13, 17, 71, 443
List the prime factors of 1415800.
2, 5, 7079
List the prime factors of 68032.
2, 1063
List the prime factors of 3231909.
3, 359101
What are the prime factors of 28366435?
5, 5673287
What are the prime factors of 1698832?
2, 89, 1193
What are the prime factors of 329682?
2, 3, 23, 2389
What are the prime factors of 125928?
2, 3, 11, 53
List the prime factors of 2001732.
2, 3, 31, 5381
List the prime factors of 20717.
20717
What are the prime factors of 32856485?
5, 103, 63799
List the prime factors of 571496.
2, 71437
What are the prime factors of 30256659?
3, 124513
List the prime factors of 1101105.
3, 5, 24469
List the prime factors of 2376588.
2, 3, 73, 2713
List the prime factors of 55058.
2, 27529
What are the prime factors of 191431?
47, 4073
List the prime factors of 2418.
2, 3, 13, 31
What are the prime factors of 444888?
2, 3, 37, 167
What are the prime factors of 12608040?
2, 3, 5, 29, 3623
What are the prime factors of 6645834?
2, 3, 13, 9467
List the prime factors of 13197.
3, 53, 83
List the prime factors of 191575.
5, 79, 97
List the prime factors of 101212.
2, 25303
What are the prime factors of 10104115?
5, 7, 288689
What are the prime factors of 26478339?
3, 811, 10883
What are the prime factors of 7585709?
263, 28843
What are the prime factors of 10812978?
2, 3, 11, 97, 563
List the prime factors of 9448.
2, 1181
What are the prime factors of 1692780?
2, 3, 5, 89, 317
List the prime factors of 1606474.
2, 803237
What are the prime factors of 220151?
220151
What are the prime factors of 3692980?
2, 5, 184649
List the prime factors of 198757.
13, 15289
What are the prime factors of 4057492?
2, 17, 59669
What are the prime factors of 1148062?
2, 574031
What are the prime factors of 286787?
23, 37, 337
List the prime factors of 10705143.
3, 23, 47, 3301
What are the prime factors of 753138?
2, 3, 4649
What are the prime factors of 24642?
2, 3, 37
What are the prime factors of 1625600?
2, 5, 127
What are the prime factors of 7754807?
131, 59197
What are the prime factors of 276640?
2, 5, 7, 13, 19
List the prime factors of 20821546.
2, 43, 83, 2917
List the prime factors of 75307.
75307
What are the prime factors of 45150?
2, 3, 5, 7, 43
What are the prime factors of 506447?
17, 31
What are the prime factors of 2707839?
3, 43, 6997
What are the prime factors of 3042073?
113, 26921
What are the prime factors of 1201937?
11, 109267
List the prime factors of 1228078.
2, 677, 907
List the prime factors of 23029445.
5, 1867, 2467
List the prime factors of 8608532.
2, 23, 137, 683
List the prime factors of 30016.
2, 7, 67
What are the prime factors of 154110?
2, 3, 5, 11, 467
List the prime factors of 696323.
696323
What are the prime factors of 26036424?
2, 3, 120539
List the prime factors of 16185417.
3, 757, 7127
List the prime factors of 642889.
13, 17, 2909
List the prime factors of 25059125.
5, 7, 13, 2203
List the prime factors of 974545.
5, 11, 13, 29, 47
List the prime factors of 5868694.
2, 13, 97, 179
List the prime factors of 630976.
2, 9859
List the prime factors of 1154824.
2, 11, 1193
What are the prime factors of 10031538?
2, 3, 11, 31, 4903
List the prime factors of 11731800.
2, 3, 5, 19553
What are the prime factors of 17506?
2, 8753
What are the prime factors of 623504?
2, 7, 19, 293
What are the prime factors of 4234475?
5, 7, 24197
List the prime factors of 413119.
7, 8431
What are the prime factors of 1073130?
2, 3, 5, 35771
What are the prime factors of 573390?
2, 3, 5, 23, 277
What are the prime factors of 12479129?
13, 41, 1801
List the prime factors of 344807.
344807
What are the prime factors of 7908481?
7, 23, 49121
What are the prime factors of 14148367?
14148367
List the prime factors of 696694.
2, 17, 31, 661
List the prime factors of 31525786.
2, 17, 927229
What are the prime factors of 1930733?
7, 29, 9511
List the prime factors of 897504.
2, 3, 9349
List the prime factors of 1409404.
2, 37, 89, 107
What are the prime factors of 5035820?
2, 5, 251791
What are the prime factors of 3783999?
3, 1261333
What are the prime factors of 7124627?
43, 223, 743
What are the prime factors of 86978?
2, 157, 277
What are the prime factors of 66478?
2, 43, 773
List the prime factors of 3177514.
2, 1588757
List the prime factors of 401804.
2, 13, 7727
What are the prime factors of 7846893?
3, 181, 4817
List the prime factors of 21544554.
2, 3, 3590759
What are the prime factors of 1297134?
2, 3, 17, 157
List the prime factors of 1014956.
2, 89, 2851
What are the prime factors of 657212?
2, 43, 3821
What are the prime factors of 7722271?
7722271
What are the prime factors of 923371?
923371
What are the prime factors of 189329?
7, 17, 37, 43
What are the prime factors of 31485888?
2, 3, 7, 19, 137
What are the prime factors of 217231?
7, 31033
What are the prime factors of 43214376?
2, 3, 1800599
What are the prime factors of 2687432?
2, 11, 30539
List the prime factors of 479458.
2, 7, 23, 1489
What are the prime factors of 1384772?
2, 43, 83, 97
List the prime factors of 430048.
2, 89, 151
What are the prime factors of 1361613?
3, 11, 31
What are the prime factors of 29332379?
37, 677, 1171
What are the prime factors of 15981?
3, 7, 761
List the prime factors of 78094.
2, 39047
List the prime factors of 23418917.
137, 199, 859
What are the prime factors of 2462316?
2, 3, 449, 457
List the prime factors of 101763.
3, 3769
List the prime factors of 59483.
17, 3499
What are the prime factors of 20934251?
13, 433, 3719
What are the prime factors of 27060216?
2, 3, 227, 4967
What are the prime factors of 11283588?
2, 3, 379, 827
What are the prime factors of 15840829?
157, 163, 619
What are the prime factors of 1764398?
2, 882199
What are the prime factors of 81283?
81283
List the prime factors of 7732731.
3, 701, 3677
List the prime factors of 3745936.
2, 234121
List the prime factors of 7371599.
373, 19763
List the prime factors of 35025.
3, 5, 467
What are the prime factors of 227626?
2, 7, 71, 229
List the prime factors of 1539067.
53, 71, 409
List the prime factors of 705393.
3, 13, 6029
List the prime factors of 3800730.
2, 3, 5, 126691
List the prime factors of 902915.
5, 13, 29, 479
List the prime factors of 383371.
383371
List the prime factors of 3081065.
5, 13, 107, 443
List the prime factors of 69608.
2, 7, 11, 113
List the prime factors of 2872246.
2, 13, 61, 1811
What are the prime factors of 11339144?
2, 1417393
List the prime factors of 426955.
5, 17, 5023
What are the prime factors of 8265651?
3, 509, 5413
List the prime factors of 3115884.
2, 3, 259657
List the prime factors of 770808.
2, 3, 32117
List